{"id":5566,"date":"2026-04-19T20:32:14","date_gmt":"2026-04-19T19:32:14","guid":{"rendered":"https:\/\/www.francais-d-allemagne.eu\/nord\/?page_id=5566"},"modified":"2026-04-29T08:05:07","modified_gmt":"2026-04-29T07:05:07","slug":"une-priorite-pour-legalite-des-chances-leducation","status":"publish","type":"page","link":"https:\/\/www.francais-d-allemagne.eu\/nord\/une-priorite-pour-legalite-des-chances-leducation\/","title":{"rendered":"Une priorit\u00e9 pour l&rsquo;\u00e9galit\u00e9 des chances : l&rsquo;\u00e9ducation"},"content":{"rendered":"\n<p>Aux \u00e9lections consulaires de mai 2026, nous voulons \u00eatre <strong>votre porte-voix<\/strong> pour d\u00e9fendre vos int\u00e9r\u00eats en termes d\u2019\u00e9ducation. <\/p>\n\n\n\n<p><strong>Les conseillers des Fran\u00e7ais-es de l&rsquo;\u00c9tranger <\/strong>n\u2019ont pas de pouvoir d\u00e9cisionnel direct dans toutes les instances repr\u00e9sentatives et\u2026<\/p>\n\n\n\n<ul class=\"wp-block-list\">\n<li>ils et elles si\u00e8gent aux <strong>conseils consulaires<\/strong>, autour et avec notre Ambassadeur et nos consul-es ainsi que l&rsquo;administration consulaire, sociale et en charge des questions \u00e9ducatives<\/li>\n\n\n\n<li>ils participent aux c\u00f4t\u00e9s des autres acteurs aux <strong>conseils des bourses scolaires<\/strong> avec pouvoir d\u00e9lib\u00e9ratif<\/li>\n\n\n\n<li>ils et elles contribuent aux <strong>conseils d\u2019\u00e9tablissement<\/strong> des \u00e9coles fran\u00e7aises<\/li>\n\n\n\n<li>sont en <strong>lien avec l&rsquo;ensemble de la communaut\u00e9 \u00e9ducative <\/strong><\/li>\n\n\n\n<li><strong>rendent des avis<\/strong> qui apportent des \u00e9clairages <strong>sur les r\u00e9alit\u00e9s sociales<\/strong> des familles et les exp\u00e9riences de terrain que vous vivez<\/li>\n\n\n\n<li>plaident pour des <strong>adaptations locales<\/strong> et <strong>font remonter vos besoins <\/strong>aupr\u00e8s des \u00e9coles, minist\u00e8res, de la repr\u00e9sentation nationale, des administrations et des institutions. <\/li>\n<\/ul>\n\n\n\n<p><strong>Ensemble, nous voulons faire avancer ces sujets <\/strong>:<\/p>\n\n\n\n<ul class=\"wp-block-list\">\n<li><strong>Une \u00e9ducation fran\u00e7aise accessible \u00e0 toutes et tous<\/strong>, avec des <strong>bourses scolaires <\/strong>adapt\u00e9es aux r\u00e9alit\u00e9s sociales des familles.<\/li>\n\n\n\n<li><strong>Des solutions \u00e9ducatives pour tous les territoires<\/strong>, et un soutien durable aux \u00e9coles et aux initiatives parentales et associatives &#8211; pour qu\u2019elles puissent poursuivre leur mission sereinement.<\/li>\n\n\n\n<li><strong>Le renforcement du Fran\u00e7ais Langue Maternelle<\/strong>, essentiel pour maintenir le lien linguistique et culturel.<\/li>\n\n\n\n<li><strong>Des parcours \u00e9ducatifs confiants<\/strong>, gr\u00e2ce \u00e0 un meilleur <strong>accompagnement<\/strong>, notamment pour <strong>l\u2019orientation <\/strong>et la valorisation des <strong>fili\u00e8res d\u2019apprentissage<\/strong>.<\/li>\n\n\n\n<li><strong>Le d\u00e9veloppement des formats bilingues<\/strong>, de l\u2019Abibac et des fili\u00e8res franco\u2011allemandes, afin d\u2019ouvrir davantage de possibilit\u00e9s aux jeunes.<\/li>\n<\/ul>\n\n\n\n<div class=\"wp-block-group has-tertiary-background-color has-background has-global-padding is-layout-constrained wp-container-core-group-is-layout-5fbedae1 wp-block-group-is-layout-constrained\" style=\"border-radius:5px;padding-top:var(--wp--preset--spacing--large);padding-right:var(--wp--preset--spacing--large);padding-bottom:var(--wp--preset--spacing--large);padding-left:var(--wp--preset--spacing--large)\">\n<div class=\"wp-block-columns are-vertically-aligned-center is-layout-flex wp-container-core-columns-is-layout-318252f0 wp-block-columns-is-layout-flex\">\n<div class=\"wp-block-column is-vertically-aligned-center is-layout-flow wp-block-column-is-layout-flow\" style=\"flex-basis:33.33%\">\n<div class=\"wp-block-cover is-light is-style-rounded-cover has-aspect-ratio\" style=\"min-height:281px;aspect-ratio:3\/4;min-height:unset;\"><img loading=\"lazy\" decoding=\"async\" width=\"819\" height=\"1024\" class=\"wp-block-cover__image-background wp-image-5569 size-large\" alt=\"\" src=\"https:\/\/www.francais-d-allemagne.eu\/nord\/wp-content\/uploads\/sites\/2\/2026\/04\/2025-04-18-Webinaire-Yan-Chantrel-819x1024.png\" data-object-fit=\"cover\" srcset=\"https:\/\/www.francais-d-allemagne.eu\/nord\/wp-content\/uploads\/sites\/2\/2026\/04\/2025-04-18-Webinaire-Yan-Chantrel-819x1024.png 819w, https:\/\/www.francais-d-allemagne.eu\/nord\/wp-content\/uploads\/sites\/2\/2026\/04\/2025-04-18-Webinaire-Yan-Chantrel-240x300.png 240w, https:\/\/www.francais-d-allemagne.eu\/nord\/wp-content\/uploads\/sites\/2\/2026\/04\/2025-04-18-Webinaire-Yan-Chantrel-768x960.png 768w, https:\/\/www.francais-d-allemagne.eu\/nord\/wp-content\/uploads\/sites\/2\/2026\/04\/2025-04-18-Webinaire-Yan-Chantrel.png 1080w\" sizes=\"auto, (max-width: 819px) 100vw, 819px\" \/><span aria-hidden=\"true\" class=\"wp-block-cover__background has-background-dim-0 has-background-dim\" style=\"background-color:#b8b4b6\"><\/span><div class=\"wp-block-cover__inner-container is-layout-flow wp-block-cover-is-layout-flow\">\n<p class=\"has-text-align-center\"><\/p>\n<\/div><\/div>\n<\/div>\n\n\n\n<div class=\"wp-block-column is-vertically-aligned-center is-layout-flow wp-container-core-column-is-layout-c7b3064f wp-block-column-is-layout-flow\" style=\"flex-basis:66.66%\">\n<p class=\"has-primary-color has-text-color has-small-font-size\" style=\"font-style:normal;font-weight:500\">avec le S\u00e9nateur Yan Chantrel<\/p>\n\n\n\n<p class=\"has-medium-font-size\" style=\"font-style:normal;font-weight:600\">5 Mai 2026<\/p>\n\n\n\n<div class=\"wp-block-buttons is-layout-flex wp-block-buttons-is-layout-flex\" style=\"margin-top:var(--wp--preset--spacing--medium)\">\n<div class=\"wp-block-button has-custom-width wp-block-button__width-100 lemonsqueezy-button\"><a class=\"wp-block-button__link wp-element-button\" href=\"https:\/\/luma.com\/qo3v6441\">S&rsquo;inscrire au Webinaire<\/a><\/div>\n<\/div>\n<\/div>\n<\/div>\n<\/div>\n\n\n\n<blockquote class=\"wp-block-quote is-layout-flow wp-block-quote-is-layout-flow\" id=\"carte\">\n<p><strong>Notre carte des Kitas franco-allemandes<\/strong> en Allemagne du Nord<\/p>\n<\/blockquote>\n\n\n\n<p>Voici une carte interactive qui vous permet de trouver les Kitas et jardins d&rsquo;enfants franco-allemands en Allemagne du Nord.<\/p>\n\n\n\n<p>C&rsquo;est le fruit d&rsquo;un long travail de recensement et de mise \u00e0 jour. Si vous constatez des informations qui ne sont pas \u00e0 jour, <a href=\"mailto:equipe-nor@francais-d-allemagne.eu\">n\u2019h\u00e9sitez pas \u00e0 nous informer<\/a> &#8211; Merci.<\/p>\n\n\n\n<div class=\"wp-block-columns is-layout-flex wp-container-core-columns-is-layout-28f84493 wp-block-columns-is-layout-flex\">\n<div class=\"wp-block-column is-layout-flow wp-block-column-is-layout-flow\"><div class=\"googlemaps\">\n\t\t\t\t<iframe loading=\"lazy\" width=\"425\" height=\"350\" frameborder=\"0\" scrolling=\"no\" marginheight=\"0\" marginwidth=\"0\"  src=\"https:\/\/www.google.com\/maps\/d\/u\/0\/embed?mid=10sqZb77pHrVe5BM3Dn_36CQEk8CeuHU&#038;ehbc=2E312F\"><\/iframe>\n\t\t\t<\/div>\n<\/div>\n<\/div>\n\n\n\n<blockquote class=\"wp-block-quote is-layout-flow wp-block-quote-is-layout-flow\">\n<p><strong>Quelques enjeux dans notre circonscription<\/strong><\/p>\n<\/blockquote>\n\n\n\n<ul class=\"wp-block-list\">\n<li><strong>Le financement des pensions civiles par les \u00e9tablissement de l&rsquo;AEFE<em><br><\/em><\/strong><em>L\u2019AEFE (Agence pour l&rsquo;Enseignement Fran\u00e7ais \u00e0 l&rsquo;\u00c9tranger) a d\u00e9cid\u00e9 de r\u00e9percuter la charge des pensions civiles sur les acteurs locaux, ce qui pourrait avoir un impact direct ou indirect sur les frais de scolarit\u00e9. Comment cela va-t-il impacter le budget des \u00e9coles ? Quelles solutions pour les \u00e9tablissements  et les associations de parents ?<strong> <\/strong><\/em><\/li>\n\n\n\n<li><strong>Les bourses scolaires<\/strong><br><em>Toutes les familles ont-elles bien toutes les informations et l&rsquo;accompagnement dont elles ont besoin pour l\u2019obtention des bourses ? Comment expliquer la diminution continue des demandes &#8211; \u00e0 Hambourg comme \u00e0 Berlin ?<\/em> <em>Quelles adaptations sont prioritaires alors que l&rsquo;Allemagne traverse une crise d&rsquo;incertitude \u00e9conomique avec de nombreux licenciements ?<\/em><\/li>\n\n\n\n<li><strong>Enseignants des \u00e9coles fran\u00e7aises<em> :<br><\/em><\/strong><em>Comment am\u00e9liorer la situation de toutes et tous, avec l&rsquo;objectif d&rsquo;harmoniser par le haut et d&rsquo;offrir les meilleures conditions possibles pour tout le monde ?<\/em><\/li>\n\n\n\n<li><strong>Rythmes scolaires fran\u00e7ais et allemands<em><br><\/em><\/strong><em>Le d\u00e9calage entre les rythmes scolaires fran\u00e7ais et allemands complique parfois l\u2019organisation des activit\u00e9s extrascolaires. Quelles solutions ?<\/em><\/li>\n\n\n\n<li><strong>Classes bilingues franco-allemandes et AbiBac dans les \u00e9coles allemandes<em><br><\/em><\/strong><em>Les fili\u00e8res bilingues SESB de Berlin, \u00e0 profil fran\u00e7ais et l\u2019AbiBac offrent des opportunit\u00e9s, mais leur acc\u00e8s reste limit\u00e9 alors qu\u2019il manque de places ou d\u2019offre &#8211; selon les endroits. Quels sont les besoins prioritaires (ex : plus de places, de nouveaux mod\u00e8les, des informations claires et accessible sur les d\u00e9marches et\/ou les \u00e9tablissements) ?<\/em><\/li>\n\n\n\n<li><strong>Fili\u00e8res professionnelles et Apprentissages<em><br><\/em><\/strong><em>Quelle articulation entre les \u00e9coles fran\u00e7aises et les fili\u00e8res professionnelles et d&rsquo;apprentissage allemandes ? En Allemagne, certains m\u00e9tiers ne sont accessibles qu&rsquo;apr\u00e8s un apprentissage<\/em> : <em>toutes les options sont-elles accessibles pour tous les \u00e9l\u00e9ves ?<\/em><\/li>\n\n\n\n<li><strong>Poursuite des \u00e9tudes en France<em><br><\/em><\/strong><em>Quels soutiens seraient utiles ? Nous pensons en premier lieu \u00e0 l&rsquo;accompagnement pour l&rsquo;orientation, pour la reconnaissance des dipl\u00f4mes, ou pour accomplir les d\u00e9marches ParcourSup.<\/em><\/li>\n\n\n\n<li><strong>R\u00e9int\u00e9gration en France, dans le syst\u00e8me allemand ou dans un autre pays<\/strong><br><em>Les familles trouvent-elles toutes les ressources dont elles ont besoin pour accompagner leur mobilit\u00e9 internationale ou si elles font le choix d&rsquo;un autre mod\u00e8le \u00e9ducatif ? <\/em><\/li>\n\n\n\n<li><strong>Le d\u00e9m\u00e9nagement du Lyc\u00e9e Franco-Allemand de Hambourg sur le nouveau site du Campus Struensee<\/strong><\/li>\n\n\n\n<li><strong>Les enfants en situation de handicap ou qui ont besoin d&rsquo;un accompagnement sp\u00e9cifique<\/strong><\/li>\n\n\n\n<li><strong>La situation des territoires, o\u00f9 il n&rsquo;existe pas d&rsquo;\u00e9cole fran\u00e7aise ou pas d&rsquo;offre suffisante d&rsquo;enseignement du fran\u00e7ais<\/strong><\/li>\n<\/ul>\n\n\n\n<p>Et bien \u00e9videmment tous les th\u00e8mes qui vous importent.<br>&#8212; N&rsquo;h\u00e9sitez pas \u00e0 nous en faire part, comme contribution \u00e0 notre <a href=\"https:\/\/www.francais-d-allemagne.eu\/nord\/consultation-citoyenne\/\">consultation citoyenne<\/a>.<\/p>\n\n\n\n<div class=\"wp-block-buttons is-layout-flex wp-block-buttons-is-layout-flex\">\n<div class=\"wp-block-button\"><a class=\"wp-block-button__link wp-element-button\" href=\"https:\/\/www.francais-d-allemagne.eu\/nord\/consultation-citoyenne\/\" target=\"_blank\" rel=\"noreferrer noopener\">Participer \u00e0 notre consultation citoyenne<\/a><\/div>\n<\/div>\n\n\n\n<div class=\"wp-block-group has-base-color has-primary-background-color has-text-color has-background has-global-padding is-layout-constrained wp-container-core-group-is-layout-92d68a8d wp-block-group-is-layout-constrained\" style=\"border-radius:5px;padding-top:var(--wp--preset--spacing--large);padding-right:var(--wp--preset--spacing--large);padding-bottom:var(--wp--preset--spacing--large);padding-left:var(--wp--preset--spacing--large)\">\n<div class=\"wp-block-group has-global-padding is-layout-constrained wp-container-core-group-is-layout-f5f3bcb8 wp-block-group-is-layout-constrained\">\n<p class=\"has-text-align-center has-medium-font-size\" style=\"font-style:normal;font-weight:600\"><strong>Notre m\u00e9thode<\/strong><\/p>\n\n\n\n<p class=\"has-text-align-center has-primary-accent-color has-text-color\">Informer clairement, \u00e9couter vos r\u00e9alit\u00e9s, \u00eatre ressource pour les familles, faciliter le dialogue et les solutions en lien avec les acteurs du conseil consulaire, et agir concr\u00e8tement pour porter vos besoins aupr\u00e8s des institutions, et de la repr\u00e9sentation nationale si besoin est.<\/p>\n<\/div>\n<\/div>\n\n\n\n<div class=\"wp-block-cover is-light is-style-default\" style=\"padding-top:var(--wp--preset--spacing--x-large);padding-bottom:var(--wp--preset--spacing--x-large)\"><span aria-hidden=\"true\" class=\"wp-block-cover__background has-main-background-color has-background-dim-100 has-background-dim\"><\/span><div class=\"wp-block-cover__inner-container is-layout-flow wp-block-cover-is-layout-flow\">\n<div class=\"wp-block-group has-global-padding is-layout-constrained wp-container-core-group-is-layout-f5f3bcb8 wp-block-group-is-layout-constrained\">\n<p class=\"has-text-align-left has-base-color has-text-color has-medium-font-size\" style=\"font-style:normal;font-weight:600\">Notre webinaire avec le S\u00e9nateur Yan Chantrel<\/p>\n\n\n\n<p class=\"has-text-align-left has-main-accent-color has-text-color\" style=\"font-style:normal;font-weight:400\"><strong>Pour en discuter ensemble<\/strong>, rejoignez notre webinaire avec le s\u00e9nateur Yan Chantrel le 5 mai prochain. Expert du sujet, il est rapporteur d&rsquo;une mission d&rsquo;information du S\u00e9nat et apportera un \u00e9clairage pr\u00e9cieux sur l\u2019avenir de l\u2019enseignement fran\u00e7ais \u00e0 l\u2019\u00e9tranger. Il sera pr\u00e9sent pour r\u00e9pondre \u00e0 vos questions et entendre vos pr\u00e9occupations &#8211; un moment important pour faire remonter les besoins du terrain.<\/p>\n<\/div>\n\n\n\n<div class=\"wp-block-buttons is-layout-flex wp-block-buttons-is-layout-flex\">\n<div class=\"wp-block-button has-custom-width wp-block-button__width-100 is-style-button-light is-style-button-light--1\"><a class=\"wp-block-button__link wp-element-button\" href=\"https:\/\/luma.com\/qo3v6441\" target=\"_blank\" rel=\"noreferrer noopener\">S&rsquo;inscrire au Webinaire<\/a><\/div>\n<\/div>\n<\/div><\/div>\n\n\n\n<figure class=\"wp-block-image\"><a href=\"https:\/\/luma.com\/qo3v6441\" target=\"_blank\" rel=\" noreferrer noopener\"><img loading=\"lazy\" decoding=\"async\" width=\"1080\" height=\"1350\" src=\"https:\/\/www.francais-d-allemagne.eu\/nord\/wp-content\/uploads\/sites\/2\/2026\/04\/2025-04-18-Webinaire-Yan-Chantrel.png\" alt=\"\" class=\"wp-image-5569\" srcset=\"https:\/\/www.francais-d-allemagne.eu\/nord\/wp-content\/uploads\/sites\/2\/2026\/04\/2025-04-18-Webinaire-Yan-Chantrel.png 1080w, https:\/\/www.francais-d-allemagne.eu\/nord\/wp-content\/uploads\/sites\/2\/2026\/04\/2025-04-18-Webinaire-Yan-Chantrel-240x300.png 240w, https:\/\/www.francais-d-allemagne.eu\/nord\/wp-content\/uploads\/sites\/2\/2026\/04\/2025-04-18-Webinaire-Yan-Chantrel-819x1024.png 819w, https:\/\/www.francais-d-allemagne.eu\/nord\/wp-content\/uploads\/sites\/2\/2026\/04\/2025-04-18-Webinaire-Yan-Chantrel-768x960.png 768w\" sizes=\"auto, (max-width: 1080px) 100vw, 1080px\" \/><\/a><\/figure>\n","protected":false},"excerpt":{"rendered":"<p>Aux \u00e9lections consulaires de mai 2026, nous voulons \u00eatre votre porte-voix pour d\u00e9fendre vos int\u00e9r\u00eats en termes d\u2019\u00e9ducation. Les conseillers des Fran\u00e7ais-es de l&rsquo;\u00c9tranger n\u2019ont pas de pouvoir d\u00e9cisionnel direct dans toutes les instances repr\u00e9sentatives et\u2026 Ensemble, nous voulons faire avancer ces sujets : avec le S\u00e9nateur Yan Chantrel 5 Mai 2026 Notre carte des [&hellip;]<\/p>\n","protected":false},"author":3,"featured_media":0,"parent":0,"menu_order":0,"comment_status":"closed","ping_status":"closed","template":"","meta":{"footnotes":""},"class_list":["post-5566","page","type-page","status-publish","hentry"],"jetpack_sharing_enabled":true,"jetpack_shortlink":"https:\/\/wp.me\/P4ndNg-1rM","_links":{"self":[{"href":"https:\/\/www.francais-d-allemagne.eu\/nord\/wp-json\/wp\/v2\/pages\/5566","targetHints":{"allow":["GET"]}}],"collection":[{"href":"https:\/\/www.francais-d-allemagne.eu\/nord\/wp-json\/wp\/v2\/pages"}],"about":[{"href":"https:\/\/www.francais-d-allemagne.eu\/nord\/wp-json\/wp\/v2\/types\/page"}],"author":[{"embeddable":true,"href":"https:\/\/www.francais-d-allemagne.eu\/nord\/wp-json\/wp\/v2\/users\/3"}],"replies":[{"embeddable":true,"href":"https:\/\/www.francais-d-allemagne.eu\/nord\/wp-json\/wp\/v2\/comments?post=5566"}],"version-history":[{"count":52,"href":"https:\/\/www.francais-d-allemagne.eu\/nord\/wp-json\/wp\/v2\/pages\/5566\/revisions"}],"predecessor-version":[{"id":5650,"href":"https:\/\/www.francais-d-allemagne.eu\/nord\/wp-json\/wp\/v2\/pages\/5566\/revisions\/5650"}],"wp:attachment":[{"href":"https:\/\/www.francais-d-allemagne.eu\/nord\/wp-json\/wp\/v2\/media?parent=5566"}],"curies":[{"name":"wp","href":"https:\/\/api.w.org\/{rel}","templated":true}]}}